+ -442. Calculate the remainder when u is divided by 4.
2
Suppose 21 = -11*b + 571. Calculate the remainder when 185 is divided by b.
35
Suppose 12 = 2*x - 2. Calculate the remainder when 15 + -16 + (1 - -25) is divided by x.
4
Let r be ((-8)/3)/(32/48). Let u(k) = -k + 3. Let b = 63 + -45. Calculate the remainder when b is divided by u(r).
4
Let b = 107 + -129. Let p = -13 - b. Calculate the remainder when p is divided by 3.
0
Let w = -1656 - -1669. Let p(x) = -x + 16. Let i(h) = -h + 2. Let o be i(-6). What is the remainder when w is divided by p(o)?
5
Let x(o) = -2*o - o**3 - o**2 + 9*o**2 + 2*o**3 - 5. Calculate the remainder when 20 is divided by x(-8).
9
What is the remainder when 39 is divided by 8 + (1 + 1)*(-25)/10?
0
Suppose -3*y + 100 + 1 = -s, -3*y + 5*s + 121 = 0. What is the remainder when 103 is divided by y?
7
Suppose -o = 3*o - 12. Suppose -o*v + 5*r = -6*v + 22, 0 = 5*v + r - 66. Calculate the remainder when v is divided by 5.
4
Let b(f) = -5*f**3 - 5*f**2 + f + 12. What is the remainder when b(-2) is divided by 29?
1
Suppose -3*o - 6*a = -a - 342, 4*a = 3*o - 369. What is the remainder when o is divided by 33?
20
Suppose -5*r = 4*i, 2*r = -8*i + 3*i. Suppose -3*y + 153 = -r*y. What is the remainder when y is divided by 27?
24
Suppose 220 + 330 = 10*h. Calculate the remainder when 151 is divided by h.
41
Let l = 8 + -1. Let r(p) = 2*p**3 + 3*p**2 + 2*p + 2. Let w be r(-3). Let h = -13 - w. What is the remainder when h is divided by l?
4
Let o(j) be the third derivative of -6*j**2 - 2/3*j**4 + 0 + 1/6*j**3 + 0*j. Calculate the remainder when o(-1) is divided by 9.
8
What is the remainder when 35 is divided by 14 - (17/(-68) + (-19)/4)?
16
Let h = 344 + -708. Let f = 524 + h. Let g = -71 + f. Calculate the remainder when g is divided by 23.
20
Suppose 32 + 56 = 2*w. Suppose 5*h = h + 5*l + 127, -7 = l. What is the remainder when h is divided by 2/3 + w/6?
7
Calculate the remainder when 29 is divided by 18/(-4)*(-24)/36.
2
Let d = 1641 - 1624. Calculate the remainder when 728 is divided by d.
14
Let d(q) = q**2 + 3*q + 5. Let o(k) = 2*k**2 - 14*k - 7. What is the remainder when o(11) is divided by d(-6)?
12
Let o(a) = 2*a + 12. Let j be o(-6). Suppose j*r = 7*r - 469. What is the remainder when r is divided by 18?
13
Suppose 5800 = 4*m + i, 3*m + 2*i = 4495 - 145. What is the remainder when m is divided by 66?
64
Let g = -2431 + 2499. What is the remainder when g is divided by 11?
2
Let l = -1118 - -1125. Calculate the remainder when l is divided by 6.
1
Suppose 3*z = 2*g + 49, 2*g = -2*z - 2*z + 42. Suppose 0 = -0*o + 3*o - 4*s - 32, 2*s + 10 = 0. Let u = 34 + o. What is the remainder when u is divided by z?
12
What is the remainder when 3 + (-10)/(-5)*-1*-82 is divided by 24?
23
Let c(i) = -23*i - 174. Let k = -18 + 36. What is the remainder when c(-9) is divided by k?
15
Let p = 1459 + -1437. What is the remainder when 1425 is divided by p?
17
Let k(o) = o**3 + 7*o**2 + 3*o - 4. Let b be -15*(48/(-18) + 3 + 0). Calculate the remainder when k(b) is divided by 11.
9
Let h(a) = -a**2 - 18*a - 5. Let y be h(-17). Calculate the remainder when y/(-54) + 2236/18 is divided by 42.
40
Suppose 222 = d - 199. Suppose 5*b = -x + d, -b + 2*x = -3*b + 170. What is the remainder when b is divided by 17?
16
Suppose 0*c = 2*c - 196. Calculate the remainder when c is divided by (-12943)/(-258) + 5/6.
47
Suppose 0 = -j - 5*l + 58, 5*l = -2*j + 39 + 72. Let k(s) = s**3 - 5*s**2 - 5*s + 9. What is the remainder when j is divided by k(6)?
8
Suppose 2*j - 5*y - 527 = 0, -2*j - 4*y = -4*j + 524. What is the remainder when j is divided by 43?
41
Suppose -1 = -l + 2. Let n = 5 - l. What is the remainder when n/2 + 0 - -8 is divided by 5?
4
Suppose 1133 = 8*b + 573. Calculate the remainder when 209 is divided by b.
69
Let j = 2049 + -1511. What is the remainder when j is divided by 77?
76
What is the remainder when 285 is divided by 4 + 2/(-9) + (-342)/(-81)?
5
Let n = -22 + 2. Let i = 27 + n. What is the remainder when 17 is divided by i?
3
What is the remainder when 28 is divided by (-1 - 1) + -2 - (2 - 32)?
2
Let s = -6 + -9. Let j = s - -20. Suppose -5*t - 5*f = -65, 0 = -2*t - f - 0*f + 25. What is the remainder when t is divided by j?
2
Let a(x) = x**2 - 31*x + 149. Calculate the remainder when a(32) is divided by 47.
40
Calculate the remainder when 361/4 - ((-189)/12 - -15) is divided by 45.
1
Let r(z) = 2*z + 26. Let v be r(-5). Let m = v + -6. What is the remainder when 38 is divided by m?
8
Suppose 8*o + 70 = 9*o - 3*n, -5*o - n + 414 = 0. What is the remainder when o is divided by (0 + 1/2)*24?
10
Suppose 3 = m, -4*d + d = 4*m - 144. What is the remainder when 84 is divided by d?
40
Suppose 3*g + 6 = -4*j + 246, -4*j = -2*g - 220. What is the remainder when j is divided by 47?
10
Suppose 0 = -12*q + 84. Let k(s) = 4*s + 1. Let o be k(2). Let x = o - q. What is the remainder when 6 is divided by x?
0
Calculate the remainder when 117 is divided by (14/6)/((-1)/(-5 - -2)).
5
Let b = -319 - -529. Suppose -5*f = -4*m + 3*m - b, 4*f + 2*m - 154 = 0. Calculate the remainder when 120 is divided by f.
38
What is the remainder when (-5320)/(-136) + (-8)/68 is divided by 5?
4
What is the remainder when 189 is divided by (-1)/(-3)*6 + (-5 - -32)?
15
Suppose -6*i = -2*i + v + 347, 0 = 2*i - v + 181. Calculate the remainder when ((-1)/((-6)/i))/(1/(-3)) is divided by 24.
20
Let x(p) = -5*p**2 + 105*p + 32. Calculate the remainder when x(11) is divided by 49.
43
Let k = -191 - -206. Calculate the remainder when 464 is divided by k.
14
Let n be 10/2 + -1 - (4 + -2). Suppose 0 = -4*z + j + 126, 6*z - 5*j = n*z + 134. What is the remainder when z is divided by 8?
7
Suppose 0 = -3*k + 12, 99 = 2*f + 2*k - 53. Calculate the remainder when 301 is divided by f.
13
Suppose 0 = 23*c + 411 - 4091. What is the remainder when c is divided by 33?
28
Let x be 20/(((-12)/(-21))/(12/14)). Calculate the remainder when (-2570)/(-40) + (x/(-8))/(-5) is divided by 17.
14
Let q(n) = n**3 + 10*n**2 + 5*n - 20. Let g be q(-9). Suppose -63 = -a - 2*a. What is the remainder when a is divided by (7 - 8)*g/(-2)?
5
Let a(t) = 7*t - 17. Let x be a(-7). Let f = x + 80. Calculate the remainder when 21 is divided by f.
7
Let a(u) = 2*u**2 + 29*u + 153. What is the remainder when a(-14) is divided by 46?
1
Let t(q) = q**3 + 16*q**2 + 2*q + 10. Let d be t(-16). Let u = 0 - d. Calculate the remainder when 30 is divided by u.
8
Let i(v) = -3*v**2 + 34*v + 27. Calculate the remainder when i(11) is divided by 10.
8
Let s = -59 - -59. Calculate the remainder when -61*(s - (-1 + -1 - -3)) is divided by 21.
19
What is the remainder when 234 is divided by 130/1495 + 778/46?
13
Let y = -156 - -223. Suppose 123 = 5*k - 3*r, 5*k - y = 4*r + 52. What is the remainder when k is divided by 7?
6
Let g(h) = -16*h - 19. Let k = 11 + -17. Calculate the remainder when g(k) is divided by 20.
17
Let y(o) = -2*o + 18. Let w be y(6). Let x be 2/w*(43 + -10). Let k = 24 + x. Calculate the remainder when 67 is divided by k.
32
Suppose 0 = 5*z - 8 - 2. Let t(m) = 2*m**2 + 6*m + 7. What is the remainder when (z*(-65)/40)/(1/(-16)) is divided by t(-5)?
25
Suppose 7*p - 24 - 46 = 0. Let r(x) = -x**2 + 4*x + 6. Let l be r(5). Let k = p + l. Calculate the remainder when 21 is divided by k.
10
Suppose w - 80 = 117. Let x(p) = 4*p + 26. Calculate the remainder when w is divided by x(6).
47
Let h = -93 - -102. Suppose -5*m + 5*y + 165 = 0, 2*m + 2*m - 141 = -5*y. What is the remainder when m is divided by h?
7
Suppose 0*y = 2*y - 3*c - 92, 4*y - 206 = -5*c. Calculate the remainder when y is divided by (77/(-7))/(-33) + 76/6.
10
Let x be 0 + 396/(-14) - (-4)/14. Let a = 39 - x. What is the remainder when a is divided by 14?
11
Let c(f) = 4*f - 14. Let u be c(3). Let q = -44 + 64. What is the remainder when (q - u)/(-2)*-6 is divided by 17?
15
Let i(s) = -s**2 - 7*s - 15. Let f be i(0). What is the remainder when ((-6)/f)/(24/(-20))*-111 is divided by 19?
18
Suppose 0 = 8*u - 188 - 4. Calculate the remainder when 93 is divided by u.
21
Let l = 37 + -25. Let j = -4 + 4. Suppose -l = -h - j*h. Calculate the remainder when 47 is divided by h.
11
Let s(c) = c - 13. Let h be s(4). Let p = h + 15. Calculate the remainder when